2. Suppose 4*h - 4*z = 592, 2*h + l*z - 26 = 274. Is h a prime number?
True
Suppose -114*z + 112*z - 9850 = 0. Let r = -2418 - z. Is r composite?
True
Let t = 5 + -5. Suppose -x = 3*f - 2*x + 2, t = f + 3*x + 14. Is (771/f)/(9/(-18)) prime?
False
Is (-262286)/(-2)*-8*43/(-344) composite?
False
Let w(r) = -60*r**3 - 8*r**2 + 2*r - 19. Let d(c) = 60*c**3 + 10*c**2 - 3*c + 19. Let u(p) = 3*d(p) + 4*w(p). Is u(-4) composite?
False
Is (14 + (-23)/2)/((-5)/(-63508)) composite?
True
Let o(c) be the second derivative of 7*c**4/4 - 13*c**3/6 - 15*c**2/2 + 9*c. Is o(7) composite?
True
Suppose 3*f - 2*k = 5704, f - 1888 = -0*k - 2*k. Let u(p) = -53*p + 45. Let x be u(-11). Suppose y = 3*h + x, 3*y + 0*h + 5*h - f = 0. Is y a composite number?
False
Let o be 19/((-312)/309 + 1). Let g = 311 - o. Let k = g - 109. Is k a composite number?
True
Suppose -8*v + 0*v = 0. Suppose 3*k + k - 4696 = v. Suppose -2*n - 4*o + k = -o, -o = n - 587. Is n prime?
True
Let w = -421 - -424. Suppose -w*m = -f + 23911, -6*f = -2*f - 4*m - 95660. Is f composite?
False
Let f(w) = 18*w**2 + 28 - 6 - 17*w**2 + 7*w. Let x be f(-5). Let k(t) = 2*t**3 - 15*t**2 + 3*t + 29. Is k(x) a composite number?
False
Let k(g) = -g**3 + 7*g**2 - 4*g - 7. Let c be k(6). Suppose -c = 5*j - 15. Suppose -j*q = 2*o - 0*q - 2390, 3*q = 0. Is o composite?
True
Let k = 4744 - 2589. Let s = -1185 + k. Suppose -4*n + 5*q = -375 - 401, 0 = 5*n - 2*q - s. Is n prime?
False
Suppose 65 + 106 = 3*f. Suppose -6*w + 5*w = -f. Let q = -14 + w. Is q a prime number?
True
Let d = -17588 + 49575. Is d a composite number?
True
Let f(p) = 20049*p + 1253. Is f(6) prime?
True
Let i(v) = v + 1. Let z(y) = -293*y. Let u(c) = 2*i(c) - z(c). Let w = 5 - 2. Is u(w) prime?
True
Let v be (4/8)/(4/16). Is v/(-16) - (-889)/8 composite?
True
Is 13 + 1 - (-34 + -414451) a prime number?
False
Suppose 25*p = 53*p + 52*p - 30321840. Is p composite?
True
Let v = 473 + 88. Let k = 326 + v. Let l = k + -478. Is l a composite number?
False
Let y = 18055 + -312. Is y prime?
False
Let g(a) = 89465*a + 11288. Is g(9) composite?
True
Let i = 739264 + -436463. Is i composite?
False
Suppose 2*y = 3*m + 1177795, 4*y - 515*m + 511*m - 2355592 = 0. Is y composite?
True
Let x be -5*77/(-35) + -1. Suppose 0 = x*t - 5381 - 11879. Is t prime?
False
Suppose 0 = 6*k - k - 35530. Is k - (-9 + 5 + -1) a prime number?
False
Let v = 77 - 73. Suppose a - 36 = -4*o - 0*a, 0 = -v*o + 3*a + 20. Suppose -o*n = -14*n + 2490. Is n a prime number?
False
Let w = 16044 - 25664. Let a be 3/(w/4816 - -2) - 0. Let y = a - 563. Is y prime?
True
Suppose -4*k + 4*w - 35 - 93 = 0, 0 = -k + 2*w - 27. Let q = k + 39. Is q*(0 + (-237)/(-6)) composite?
False
Let d be (-172)/(-32) - 27/72. Suppose 2*p = -d*p + 10493. Is p a prime number?
True
Let x(t) = t - 4594. Let v be x(0). Let z = v - -9260. Is z a prime number?
False
Suppose 74*q - 12659288 = -62*q. Is q prime?
True
Suppose -3*q + 2*b = -0*b + 19, 3*q - 4*b = -29. Let v be (-2)/q - (-35)/(-21) - 588. Let g = v + 1034. Is g composite?
True
Let z(m) = -3*m**2 + 9*m + 1. Let x be z(3). Let r be (0 + 4 - 5)/x. Is (-39565)/(-30) + 2*r/(-12) a composite number?
False
Let z be 8931 + (-1)/(-5 + 84/16). Suppose 0 = 9*y - z + 350. Is y composite?
False
Suppose 102 = -5*w + 3*w. Let x = 77 + w. Suppose -x = -3*u + 337. Is u a composite number?
True
Let g(w) = -3657*w + 2713. Is g(-20) prime?
True
Is (2707857/(-36))/(59/(-8) - 42/(-6)) a prime number?
False
Suppose -9*k = -4*k + 12535. Let t = -1125 - k. Suppose -2*a = -2*x - t, -5*a - x + 381 + 3074 = 0. Is a composite?
False
Let d = 4713 + -2104. Is d prime?
True
Suppose 26594 = 3*r - 21760. Suppose r = -20*n + 22*n. Is n a prime number?
True
Suppose 4*d = f - 4638, -32*f - 18552 = -36*f - 2*d. Suppose -11*y + 10*y = -4*b + 9312, 0 = -2*b - 4*y + f. Is b prime?
False
Suppose -9*w - 620351 = -2*m - 2750654, -473368 = -2*w - 5*m. Is w composite?
False
Let r = 224 + -230. Let u(f) = -5 + 3*f**2 + 10*f**2 + 7*f + 4 - 6*f**2. Is u(r) prime?
False
Suppose 0 = 5*f, f = 8*r - 2*f - 72824. Is r a prime number?
True
Let r be 27/9*2/3. Suppose -3*p + 8216 = -o, -4 = 3*o - 16. Suppose 6*u = r*u + p. Is u composite?
True
Suppose -15 = -5*i, 138*n - 135*n - i - 15539304 = 0. Is n composite?
True
Let x = -9951 + 205120. Is x a prime number?
False
Let b(t) = 3851*t - 405. Is b(16) a prime number?
True
Suppose 1195765 = 9*x - 1371062. Is x a composite number?
True
Suppose -2*x + 339594 = 4*n, 4*n - 149389 = -x + 190206. Is n prime?
False
Let j(n) = -13*n + 16358. Let x be j(0). Suppose 8*c = x + 3810. Is c composite?
False
Let u = -57 - -61. Suppose u*f - 1615 = -f + 5*k, 0 = 4*k + 8. Let w = 718 - f. Is w composite?
False
Suppose -4*d + 10 = -2*r, 4*r + 25 = 5*r + 4*d. Suppose -r*s - 229 = -5*i + 341, 4*s = i - 108. Suppose 0 = 4*a - i - 408. Is a a composite number?
False
Let v(x) = -x**3 + 3*x**2 - 30*x + 2. Let t be v(8). Let h = t - -859. Is h prime?
False
Suppose -7*r + 13 = -1. Suppose -3*t - 5*z + 20 = 0, 5*z - 25 = -r*t - 2*t. Suppose 3*q - 2857 = t*i, 0 = -2*q + 3*q + 4*i - 975. Is q a composite number?
True
Suppose -9*z + 1122 + 1398 = 0. Suppose 6*h - z - 1634 = 0. Is h prime?
False
Is ((-254519)/6)/(-63 - -56 - (-123)/18) prime?
True
Suppose -2*c - 930753 = -5*c + 3*b, -2*b + 3412657 = 11*c. Is c a composite number?
False
Suppose 3*x = 2*x - 2, 2 = -3*s - x. Let a(k) be the first derivative of k**2 + 191*k + 2. Is a(s) a composite number?
False
Suppose -8*g + 6*g = 0. Suppose -2*o + 13462 = 3*v, g*v + 17951 = 4*v + 3*o. Suppose -3*j = 4*q + j - v, -3*j + 12 = 0. Is q composite?
False
Suppose 61*h + 12*h + 1000 = -27*h. Let p(c) = -27*c + 20*c**2 + 2*c**2 - 30 + 7. Is p(h) prime?
True
Let w = 361 + -361. Suppose 0 = -h - 2 + 5. Suppose 97 = h*d + 4*v, -5*d + w*d = -5*v - 220. Is d prime?
False
Let j(t) = -t**3 - 5*t**2 + t + 4. Let u be j(-6). Suppose -p + 2*x + 191 = -54, 0 = -4*p - x + 980. Let v = p - u. Is v prime?
True
Is 24/(3 - 11) - 31146/9*-21 a composite number?
False
Let w(s) = 2258*s**2 + 836*s - 21. Is w(-5) a composite number?
False
Let c be 2 - 2/1 - -5. Let a = -2933 - -2937. Suppose 2*m - 5677 = -t - a*t, -5689 = -c*t + m. Is t composite?
True
Is ((-27871)/(-3))/(-20 - (-1464)/72) a prime number?
False
Suppose 0 = 9*c - 5*c - 1480. Suppose 2*q = 5*l - 109 - c, 0 = 2*l + 2*q - 186. Let n = 398 - l. Is n prime?
False
Suppose 10 = 4*j - 3*j. Suppose 6 = -j*v + 16. Is (2 + -5 + v)/(2/(-1049)) a prime number?
True
Let q be (-6759)/((17/(-17))/(-4 + 1)). Let x = -14358 - q. Is x prime?
False
Let h be (-4 - 3 - -4) + 2. Let o be (-2)/h + (-570)/(-5) + -2. Is (-1)/(-2)*6 - (-4 - o) prime?
False
Suppose 4*j + 2373 = 2*h + j, 0 = -2*h - 5*j + 2333. Let a = -4800 + h. Let o = 6223 + a. Is o a prime number?
False
Let c = 708 + -712. Is c*(-9)/(36/2147) composite?
True
Let j(w) = 14*w**2 + 363*w + 81. Is j(-44) prime?
True
Let o be (-7)/(105/24)*(-7 + 2). Let h be (o/3)/((-56)/(-21) + -2). Is -8*1013/(h - (8 + 0)) a composite number?
True
Suppose 3*h + 5*i + 16656 + 1492 = 0, 16 = 4*i. Let p = 9735 + h. Is p composite?
True
Let y = -74 + 78. Suppose -4*w - 13648 = -3*s, -y*s + w = 6*w - 18218. Suppose -5*o - 1807 = -2*v, 5*v + o - 2*o - s = 0. Is v prime?
True
Let b = -126119 + 874420. Is b prime?
True
Let g(k) = k**2 + 16*k + 71. Let f be g(-7). Is 2/4*(2832 - f - -6) composite?
True
Let d = 20 + -14. Suppose -d*h = -h - 35. Let l(u) = 2*u**3 + 7*u**2 + 2*u + 6. Is l(h) a prime number?
True
Let z(l) be the third derivative of -29*l**4/12 - 5*l**3/2 - 76*l**2 - 2*l. Is z(-14) a prime number?
True
Let p(c) = -523*c + 6224. Is p(-57) a composite number?
True
Let q(k) = -k**2 + 24*k - 92. Let y be q(19). Let b(v) = -v**3 + 3*v**2 + 2*v - 1. Let a be b(4). Is (((-6366)/a)/(-1))/((-2)/y) a prime number?
True
Let x(n) = -3*n**2 + 10*n - 13. Let z be x(6). Let r = 64 + z. Let y(g) = 20*g**3 + g**2 + 4. Is y(r) a composite number?
True
Let t be 5*(-2 - 51/(-15)). Let c = 15218 - 9091. Suppose 4*n = -t*n + c. Is n prime?
True
Let f = -763 + 763. Is ((-6)/(-4) + f)/((-6)/(-81148)) a composite number?
False
Is 18/2 - (-271454 + 5 - -7) a composite number?
False
Suppose -8*n + 189 = -315. Suppose -32*d = -29*d + n. Let a(u) = 5*u**2 + 11*u + 53. Is a(d) composite?
False
Suppose 4*d - 10 +